{"id":59418,"date":"2024-09-26T10:56:14","date_gmt":"2024-09-26T08:56:14","guid":{"rendered":"https:\/\/oberschuletwist.de\/?page_id=59418"},"modified":"2024-09-26T10:56:14","modified_gmt":"2024-09-26T08:56:14","slug":"rkm-arens","status":"publish","type":"page","link":"https:\/\/oberschuletwist.de\/?page_id=59418","title":{"rendered":"RKM Arens"},"content":{"rendered":"\n<p>Die Oberschule und die Firma RKM Arens haben ihre Zusammenarbeit mit einem Kooperationsvertrag besiegelt.<\/p>\n\n\n\n<figure class=\"wp-block-image\"><a href=\"https:\/\/oberschuletwist.de\/wp-content\/uploads\/2024\/09\/24-08-30_Lernpartnerschaft-OBSTwist-RKM-Arens-1-1-scaled.jpg\"><img loading=\"lazy\" decoding=\"async\" width=\"1024\" height=\"651\" src=\"https:\/\/oberschuletwist.de\/wp-content\/uploads\/2024\/09\/24-08-30_Lernpartnerschaft-OBSTwist-RKM-Arens-1-1-1024x651.jpg\" alt=\"\" class=\"wp-image-59322\" srcset=\"https:\/\/oberschuletwist.de\/wp-content\/uploads\/2024\/09\/24-08-30_Lernpartnerschaft-OBSTwist-RKM-Arens-1-1-1024x651.jpg 1024w, https:\/\/oberschuletwist.de\/wp-content\/uploads\/2024\/09\/24-08-30_Lernpartnerschaft-OBSTwist-RKM-Arens-1-1-300x191.jpg 300w, https:\/\/oberschuletwist.de\/wp-content\/uploads\/2024\/09\/24-08-30_Lernpartnerschaft-OBSTwist-RKM-Arens-1-1-768x488.jpg 768w, https:\/\/oberschuletwist.de\/wp-content\/uploads\/2024\/09\/24-08-30_Lernpartnerschaft-OBSTwist-RKM-Arens-1-1-1536x976.jpg 1536w, https:\/\/oberschuletwist.de\/wp-content\/uploads\/2024\/09\/24-08-30_Lernpartnerschaft-OBSTwist-RKM-Arens-1-1-2048x1301.jpg 2048w\" sizes=\"auto, (max-width: 1024px) 100vw, 1024px\" \/><\/a><\/figure>\n\n\n\n<p>Unsere Sch\u00fcler d\u00fcrfen sich auf spannende Projekte freuen!<\/p>\n\n\n\n<figure class=\"wp-block-image\"><a href=\"https:\/\/oberschuletwist.de\/wp-content\/uploads\/2024\/09\/IMG_6045-2-scaled.jpeg\"><img loading=\"lazy\" decoding=\"async\" width=\"768\" height=\"1024\" src=\"https:\/\/oberschuletwist.de\/wp-content\/uploads\/2024\/09\/IMG_6045-2-768x1024.jpeg\" alt=\"\" class=\"wp-image-59321\" srcset=\"https:\/\/oberschuletwist.de\/wp-content\/uploads\/2024\/09\/IMG_6045-2-768x1024.jpeg 768w, https:\/\/oberschuletwist.de\/wp-content\/uploads\/2024\/09\/IMG_6045-2-225x300.jpeg 225w, https:\/\/oberschuletwist.de\/wp-content\/uploads\/2024\/09\/IMG_6045-2-1152x1536.jpeg 1152w, https:\/\/oberschuletwist.de\/wp-content\/uploads\/2024\/09\/IMG_6045-2-1536x2048.jpeg 1536w, https:\/\/oberschuletwist.de\/wp-content\/uploads\/2024\/09\/IMG_6045-2-scaled.jpeg 1920w\" sizes=\"auto, (max-width: 768px) 100vw, 768px\" \/><\/a><\/figure>\n\n\n\n<p>Die 8b und 8c durften bereits ihr Geschick beim Schwei\u00dfen erproben.<\/p>\n","protected":false},"excerpt":{"rendered":"<p>Die Oberschule und die Firma RKM Arens haben ihre Zusammenarbeit mit einem Kooperationsvertrag besiegelt. Unsere Sch\u00fcler d\u00fcrfen sich auf spannende Projekte freuen! Die 8b und 8c durften bereits ihr Geschick beim Schwei\u00dfen erproben.<\/p>\n","protected":false},"author":2,"featured_media":0,"parent":0,"menu_order":0,"comment_status":"closed","ping_status":"closed","template":"","meta":{"footnotes":""},"class_list":["post-59418","page","type-page","status-publish","hentry"],"_links":{"self":[{"href":"https:\/\/oberschuletwist.de\/index.php?rest_route=\/wp\/v2\/pages\/59418","targetHints":{"allow":["GET"]}}],"collection":[{"href":"https:\/\/oberschuletwist.de\/index.php?rest_route=\/wp\/v2\/pages"}],"about":[{"href":"https:\/\/oberschuletwist.de\/index.php?rest_route=\/wp\/v2\/types\/page"}],"author":[{"embeddable":true,"href":"https:\/\/oberschuletwist.de\/index.php?rest_route=\/wp\/v2\/users\/2"}],"replies":[{"embeddable":true,"href":"https:\/\/oberschuletwist.de\/index.php?rest_route=%2Fwp%2Fv2%2Fcomments&post=59418"}],"version-history":[{"count":1,"href":"https:\/\/oberschuletwist.de\/index.php?rest_route=\/wp\/v2\/pages\/59418\/revisions"}],"predecessor-version":[{"id":59419,"href":"https:\/\/oberschuletwist.de\/index.php?rest_route=\/wp\/v2\/pages\/59418\/revisions\/59419"}],"wp:attachment":[{"href":"https:\/\/oberschuletwist.de\/index.php?rest_route=%2Fwp%2Fv2%2Fmedia&parent=59418"}],"curies":[{"name":"wp","href":"https:\/\/api.w.org\/{rel}","templated":true}]}}