{"id":58543,"date":"2024-04-06T15:51:13","date_gmt":"2024-04-06T13:51:13","guid":{"rendered":"https:\/\/oberschuletwist.de\/?page_id=58543"},"modified":"2024-04-16T14:55:42","modified_gmt":"2024-04-16T12:55:42","slug":"buecher6-10-24","status":"publish","type":"page","link":"https:\/\/oberschuletwist.de\/?page_id=58543","title":{"rendered":"B\u00fccher Klassen 6-10  (2024)"},"content":{"rendered":"\n<figure class=\"wp-block-table\"><table><tbody><tr><td><strong>die Listen f\u00fcr die Klassen 6<br><\/strong><\/td><td><strong><a href=\"https:\/\/oberschuletwist.de\/wp-content\/uploads\/2024\/04\/6o24.pdf\" target=\"_blank\" rel=\"noreferrer noopener\">ohne 2. Fremdsprache<\/a><\/strong><\/td><td><strong><a href=\"https:\/\/oberschuletwist.de\/wp-content\/uploads\/2024\/04\/6f24.pdf\">mit dem Fach Franz\u00f6sisch<\/a><\/strong><\/td><td><strong><a href=\"https:\/\/oberschuletwist.de\/wp-content\/uploads\/2024\/04\/6n24.pdf\">mit dem Fach Niederl\u00e4ndisch<\/a><\/strong><\/td><\/tr><tr><td><strong>die Listen f\u00fcr die Klassen 7<br><\/strong><\/td><td><strong><a href=\"https:\/\/oberschuletwist.de\/wp-content\/uploads\/2024\/04\/7o24.pdf\">ohne 2. Fremdsprache<\/a><\/strong><\/td><td><strong><a href=\"https:\/\/oberschuletwist.de\/wp-content\/uploads\/2024\/04\/7f24.pdf\">mit dem Fach Franz\u00f6sisch<\/a><\/strong><\/td><td><strong><a href=\"https:\/\/oberschuletwist.de\/wp-content\/uploads\/2024\/04\/7n24.pdf\">mit dem Fach Niederl\u00e4ndisch<\/a><\/strong><\/td><\/tr><tr><td><strong>die Listen f\u00fcr die Klassen 8<\/strong><\/td><td><strong><a href=\"https:\/\/oberschuletwist.de\/wp-content\/uploads\/2024\/04\/8o24.pdf\">ohne 2.Fremdsprache<\/a><\/strong><\/td><td><strong><a href=\"https:\/\/oberschuletwist.de\/wp-content\/uploads\/2024\/04\/8f24.pdf\">mit dem Fach Franz\u00f6sisch<\/a><\/strong><\/td><td><strong><a href=\"https:\/\/oberschuletwist.de\/wp-content\/uploads\/2024\/04\/8n24.pdf\">mit dem Fach&nbsp;Niederl\u00e4ndisch<\/a><\/strong><\/td><\/tr><tr><td><strong>die Listen f\u00fcr die Klassen 9<br><\/strong><\/td><td><strong><a href=\"https:\/\/oberschuletwist.de\/wp-content\/uploads\/2024\/04\/9gus24.pdf\">ohne 2. Fremdsprache\/mit oder ohne GuS<\/a><\/strong><\/td><td><strong><a href=\"https:\/\/oberschuletwist.de\/wp-content\/uploads\/2024\/04\/9f24.pdf\">mit dem Fach Franz\u00f6sisch<\/a><\/strong><\/td><td><strong><a href=\"https:\/\/oberschuletwist.de\/wp-content\/uploads\/2024\/04\/9n24.pdf\">mit dem Fach Niederl\u00e4ndisch<\/a><\/strong><\/td><\/tr><tr><td><strong>die Listen f\u00fcr die Klassen 10<br><\/strong><\/td><td><strong><a href=\"https:\/\/oberschuletwist.de\/wp-content\/uploads\/2024\/04\/10gus24.pdf\">ohne 2. Fremdsprache\/mit oder ohne GuS<\/a><\/strong><\/td><td><strong><a href=\"https:\/\/oberschuletwist.de\/wp-content\/uploads\/2024\/04\/1024.pdf\">mit dem Fach Franz\u00f6sisch<\/a><\/strong><\/td><td><strong><a href=\"https:\/\/oberschuletwist.de\/wp-content\/uploads\/2024\/04\/1024.pdf\">mit dem Fach Niederl\u00e4ndisch<\/a><\/strong><\/td><\/tr><\/tbody><\/table><\/figure>\n","protected":false},"excerpt":{"rendered":"<p>die Listen f\u00fcr die Klassen 6 ohne 2. Fremdsprache mit dem Fach Franz\u00f6sisch mit dem Fach Niederl\u00e4ndisch die Listen f\u00fcr die Klassen 7 ohne 2. Fremdsprache mit dem Fach Franz\u00f6sisch mit dem Fach Niederl\u00e4ndisch die Listen f\u00fcr die Klassen 8 &hellip; <a href=\"https:\/\/oberschuletwist.de\/?page_id=58543\">Weiterlesen <span class=\"meta-nav\">&rarr;<\/span><\/a><\/p>\n","protected":false},"author":2,"featured_media":0,"parent":0,"menu_order":0,"comment_status":"closed","ping_status":"closed","template":"","meta":{"footnotes":""},"class_list":["post-58543","page","type-page","status-publish","hentry"],"_links":{"self":[{"href":"https:\/\/oberschuletwist.de\/index.php?rest_route=\/wp\/v2\/pages\/58543","targetHints":{"allow":["GET"]}}],"collection":[{"href":"https:\/\/oberschuletwist.de\/index.php?rest_route=\/wp\/v2\/pages"}],"about":[{"href":"https:\/\/oberschuletwist.de\/index.php?rest_route=\/wp\/v2\/types\/page"}],"author":[{"embeddable":true,"href":"https:\/\/oberschuletwist.de\/index.php?rest_route=\/wp\/v2\/users\/2"}],"replies":[{"embeddable":true,"href":"https:\/\/oberschuletwist.de\/index.php?rest_route=%2Fwp%2Fv2%2Fcomments&post=58543"}],"version-history":[{"count":20,"href":"https:\/\/oberschuletwist.de\/index.php?rest_route=\/wp\/v2\/pages\/58543\/revisions"}],"predecessor-version":[{"id":58618,"href":"https:\/\/oberschuletwist.de\/index.php?rest_route=\/wp\/v2\/pages\/58543\/revisions\/58618"}],"wp:attachment":[{"href":"https:\/\/oberschuletwist.de\/index.php?rest_route=%2Fwp%2Fv2%2Fmedia&parent=58543"}],"curies":[{"name":"wp","href":"https:\/\/api.w.org\/{rel}","templated":true}]}}