{"id":56932,"date":"2023-09-11T13:18:04","date_gmt":"2023-09-11T11:18:04","guid":{"rendered":"https:\/\/oberschuletwist.de\/?page_id=56932"},"modified":"2025-09-16T15:01:04","modified_gmt":"2025-09-16T13:01:04","slug":"muku","status":"publish","type":"page","link":"https:\/\/oberschuletwist.de\/?page_id=56932","title":{"rendered":"Musisch-kulturelle-Bildung"},"content":{"rendered":"\n<p class=\"has-medium-font-size\"><strong>Musik<\/strong><\/p>\n\n\n\n<p class=\"has-blue-color has-light-gray-background-color has-text-color has-background has-link-color wp-elements-edcb1f4c1ccd78163572191588687f14\" style=\"font-size:19px\">Am Mittwoch, den 10.09. kamen der Musikprofessor Morphius Eurapso-Quaye und sein Sohn Michael in die OBS Twist, um mit den 5. und 6. Klassen zu trommeln. Dabei lernten die Sch\u00fclerinnen und Sch\u00fcler nicht nur ghanaische Rhythmen kennen, sondern sie unterst\u00fctzen durch Spendenbeitr\u00e4ge auch das C.T.E.-Projekt f\u00fcr Berufsschulausbildungen in Winneba.<\/p>\n\n\n\n<figure class=\"wp-block-gallery has-nested-images columns-default is-cropped wp-block-gallery-1 is-layout-flex wp-block-gallery-is-layout-flex\">\n<figure class=\"wp-block-image size-large\"><a href=\"https:\/\/oberschuletwist.de\/wp-content\/uploads\/2025\/09\/m1-scaled.jpeg\"><img loading=\"lazy\" decoding=\"async\" width=\"1024\" height=\"798\" data-id=\"61136\" src=\"https:\/\/oberschuletwist.de\/wp-content\/uploads\/2025\/09\/m1-1024x798.jpeg\" alt=\"\" class=\"wp-image-61136\" srcset=\"https:\/\/oberschuletwist.de\/wp-content\/uploads\/2025\/09\/m1-1024x798.jpeg 1024w, https:\/\/oberschuletwist.de\/wp-content\/uploads\/2025\/09\/m1-300x234.jpeg 300w, https:\/\/oberschuletwist.de\/wp-content\/uploads\/2025\/09\/m1-768x598.jpeg 768w, https:\/\/oberschuletwist.de\/wp-content\/uploads\/2025\/09\/m1-1536x1197.jpeg 1536w, https:\/\/oberschuletwist.de\/wp-content\/uploads\/2025\/09\/m1-2048x1596.jpeg 2048w\" sizes=\"auto, (max-width: 1024px) 100vw, 1024px\" \/><\/a><\/figure>\n\n\n\n<figure class=\"wp-block-image size-large\"><a href=\"https:\/\/oberschuletwist.de\/wp-content\/uploads\/2025\/09\/mg-scaled.jpeg\"><img loading=\"lazy\" decoding=\"async\" width=\"1024\" height=\"513\" data-id=\"61135\" src=\"https:\/\/oberschuletwist.de\/wp-content\/uploads\/2025\/09\/mg-1024x513.jpeg\" alt=\"\" class=\"wp-image-61135\" srcset=\"https:\/\/oberschuletwist.de\/wp-content\/uploads\/2025\/09\/mg-1024x513.jpeg 1024w, https:\/\/oberschuletwist.de\/wp-content\/uploads\/2025\/09\/mg-300x150.jpeg 300w, https:\/\/oberschuletwist.de\/wp-content\/uploads\/2025\/09\/mg-768x385.jpeg 768w, https:\/\/oberschuletwist.de\/wp-content\/uploads\/2025\/09\/mg-1536x769.jpeg 1536w, https:\/\/oberschuletwist.de\/wp-content\/uploads\/2025\/09\/mg-2048x1026.jpeg 2048w\" sizes=\"auto, (max-width: 1024px) 100vw, 1024px\" \/><\/a><\/figure>\n<\/figure>\n\n\n\n<figure class=\"wp-block-image size-large\"><a href=\"https:\/\/oberschuletwist.de\/wp-content\/uploads\/2025\/09\/m2-scaled.jpeg\"><img loading=\"lazy\" decoding=\"async\" width=\"1024\" height=\"555\" src=\"https:\/\/oberschuletwist.de\/wp-content\/uploads\/2025\/09\/m2-1024x555.jpeg\" alt=\"\" class=\"wp-image-61134\" srcset=\"https:\/\/oberschuletwist.de\/wp-content\/uploads\/2025\/09\/m2-1024x555.jpeg 1024w, https:\/\/oberschuletwist.de\/wp-content\/uploads\/2025\/09\/m2-300x162.jpeg 300w, https:\/\/oberschuletwist.de\/wp-content\/uploads\/2025\/09\/m2-768x416.jpeg 768w, https:\/\/oberschuletwist.de\/wp-content\/uploads\/2025\/09\/m2-1536x832.jpeg 1536w, https:\/\/oberschuletwist.de\/wp-content\/uploads\/2025\/09\/m2-2048x1109.jpeg 2048w\" sizes=\"auto, (max-width: 1024px) 100vw, 1024px\" \/><\/a><\/figure>\n\n\n\n<p class=\"has-white-color has-text-color has-link-color wp-elements-c645e628e62f8fbab9d9726851472d16\"><\/p>\n\n\n\n<p class=\"has-medium-font-size\"><strong>Religion<\/strong><\/p>\n\n\n\n<p><strong>Tod und Sterben geh\u00f6ren zum Leben &#8211; zwei Projekttage an der Oberschule Twist zum Thema \u201eHospiz\u201c<\/strong><\/p>\n\n\n\n<p class=\"has-blue-color has-light-gray-background-color has-text-color has-background has-link-color wp-elements-9d4fd93c64644d303c18a3be8d8ab66b\" style=\"font-size:19px\">&nbsp;&nbsp;Wenn es um Tod und Sterben geht, werden viele Menschen nachdenklich und sprachlos, denn gerade bei diesem sensiblen Thema bestehen gro\u00dfe Ber\u00fchrungs\u00e4ngste.<br>Die 10. Klassen der Oberschule Twist haben im Religionsunterricht mit ihren Religionslehrern Frau Bloem, Frau Hornung und Herr Luttermann dieses Thema aufbereitet.<br>Am Ende der Einheit gestalteten sie unter der Leitung der Hospizhilfe Meppen zwei Projekttage zu diesem sensiblen Thema.<\/p>\n\n\n\n<p class=\"has-blue-color has-light-gray-background-color has-text-color has-background has-link-color wp-elements-2e63d1c3d0496fcd3428d24a85b8bf8b\" style=\"font-size:19px\">F\u00fcnf engagierte Hospizlerinnen gaben den Sch\u00fclerinnen und Sch\u00fcler die M\u00f6glichkeit, sich mit dem Thema \u201eTod&nbsp; und Sterben\u201c auseinanderzusetzen und beantworteten viele Fragen<br>anzusprechen. Es wurde einen Bogen ins Positive geschlagen: Wo finde ich Trost und was tut mir gut, wenn ich traurig bin?<br>Auch die Lehrer wurden am letzten Tag miteinbezogen: Sie sollten jedem Sch\u00fcler einmal sagen, warum es gut ist, den betreffenden Sch\u00fcler in der Klasse zu haben. Dadurch wurde ein Gef\u00fchl der Wertsch\u00e4tzung zum Ausdruck gebracht und es sollte klar werden, dass jeder Mensch wichtig und wertvoll ist.<br>In verschiedenen Aktionen wurde zum Beispiel auch versucht, einmal nachzuempfinden, wie es sich anf\u00fchlt, st\u00e4ndig Schmerzen zu haben oder eine schwere k\u00f6rperliche und seelische Last mit sich herumzutragen.<br>Bei Todesf\u00e4llen in der Familie werden Dinge wie Traurigkeit, Tod und Sterben oft nicht zur Sprache gebracht und tabuisiert. Man sollte jedoch fr\u00fchzeitig lernen, dass man negative Dinge nur gemeinsam und im Dialog bew\u00e4ltigen kann. Der Ansatz der Projektarbeit war auf den Ausdruck von eigenen Gef\u00fchlen, Vorstellungen der Sch\u00fclerinnen und Sch\u00fcler gerichtet.<br>Die Methoden, wie den jungen Menschen dieses Thema n\u00e4her gebracht wurde, waren vielf\u00e4ltig.<br>Am Ende des zweiten Tages waren alle von der Nachhaltigkeit des Projekts \u00fcberzeugt und dankten den f\u00fcnf Hospizlerinnen f\u00fcr ihre fruchtbare und einf\u00fchlsame Arbeit.<\/p>\n\n\n\n<p class=\"has-blue-color has-light-gray-background-color has-text-color has-background has-link-color wp-elements-9f9a1c135a70da1528662822fa618b5c\" style=\"font-size:19px\"><\/p>\n\n\n\n<p class=\"has-medium-font-size\"><strong>Kunst\/Werken<\/strong><\/p>\n\n\n\n<p><\/p>\n\n\n\n<p style=\"font-size:19px\"><strong>Smartphone ohne Grenzen<\/strong><\/p>\n\n\n\n<p class=\"has-blue-color has-light-gray-background-color has-text-color has-background has-link-color wp-elements-c4fb493a99c73c3492f529060242fab1\" style=\"font-size:19px\">Ein Cross-Over von analoger Papier-Collage und digitaler Fotografie<br>Die Sch\u00fclerinnen und Sch\u00fcler der 10. Klasse erfinden im Kunstunterricht ganz neue Funktionsweisen f\u00fcr ihr Smartphone bzw. erweitern diese mit neuen Funktionen, die es so noch nicht gibt.<br>Die Erarbeitung des Endprodukts &#8211; eine digitale Fotografie des \u201eSmartphones ohne Grenzen\u201c, stellt eine komplexe Aufgabe dar, bei der digitale Arbeitstechniken mit Gestaltungsverfahren aus dem klassischen Kunstunterricht verkn\u00fcpft werden. Digitale Fotografie, planvolles Entwickeln von Bildstrategien &#8211; insbesondere mithilfe von Skizzen-, Internetrecherche und Arbeiten mit farbigem Papier verbinden sich zu einer Cross-Over-Gestaltung, die das Smartphone-Display sprengt.<br>Angeregt wurde diese Unterrichtsaufgabe von Bildern des Instagram-K\u00fcnstlers Anshuman Gosh.<br>Die Kanten des Smartphones sind nicht die Enden der virtuellen Wirklichkeit. H\u00e4nde greifen von der realen Welt in die virtuelle Welt hinein und zeigen die Verbindungen von Analog und Digital im fotografischen Endprodukt auf.<\/p>\n\n\n\n<p>Quelle: Kunst und Unterricht: Mit Smartphones und Tablets. Claus Zirwes. Heft 415\/416 (2017) S. 53-55<\/p>\n\n\n\n<h1 class=\"wp-block-heading\">&nbsp;<\/h1>\n\n\n\n<figure class=\"wp-block-table aligncenter\"><table><tbody><tr><td><img loading=\"lazy\" decoding=\"async\" alt=\"\" height=\"843\" src=\"https:\/\/oberschuletwist.de\/wp-content\/uploads\/2023\/08\/Aleksandar.jpg\" width=\"640\"><img loading=\"lazy\" decoding=\"async\" alt=\"\" height=\"1044\" src=\"https:\/\/oberschuletwist.de\/wp-content\/uploads\/2023\/08\/Eydan.jpeg\" width=\"608\"><\/td><td>&nbsp;<\/td><\/tr><tr><td><img loading=\"lazy\" decoding=\"async\" alt=\"\" height=\"846\" src=\"https:\/\/oberschuletwist.de\/wp-content\/uploads\/2023\/08\/Finja.jpg\" width=\"686\"><img loading=\"lazy\" decoding=\"async\" alt=\"\" height=\"685\" src=\"https:\/\/oberschuletwist.de\/wp-content\/uploads\/2023\/08\/Henrik_.jpg\" width=\"466\"><\/td><td>&nbsp;<\/td><\/tr><tr><td><img loading=\"lazy\" decoding=\"async\" alt=\"\" height=\"585\" src=\"https:\/\/oberschuletwist.de\/wp-content\/uploads\/2023\/08\/Ina.jpg\" width=\"459\"><img loading=\"lazy\" decoding=\"async\" alt=\"\" height=\"677\" src=\"https:\/\/oberschuletwist.de\/wp-content\/uploads\/2023\/08\/Justin.jpeg\" width=\"839\"><\/td><td>&nbsp;<\/td><\/tr><tr><td><img loading=\"lazy\" decoding=\"async\" alt=\"\" height=\"606\" src=\"https:\/\/oberschuletwist.de\/wp-content\/uploads\/2023\/08\/Kyra.jpg\" width=\"484\"><img loading=\"lazy\" decoding=\"async\" alt=\"\" height=\"968\" src=\"https:\/\/oberschuletwist.de\/wp-content\/uploads\/2023\/08\/Lucas.jpg\" width=\"660\"><\/td><td>&nbsp;<\/td><\/tr><tr><td><img loading=\"lazy\" decoding=\"async\" height=\"418\" width=\"495\" src=\"https:\/\/oberschuletwist.de\/wp-content\/uploads\/2023\/08\/Sophie.jpg\" alt=\"\"><\/td><td>&nbsp;<\/td><\/tr><tr><td><img loading=\"lazy\" decoding=\"async\" height=\"655\" width=\"454\" src=\"https:\/\/oberschuletwist.de\/wp-content\/uploads\/2023\/08\/Veronika.jpg\" alt=\"\"><\/td><td>&nbsp;<\/td><\/tr><\/tbody><\/table><\/figure>\n\n\n\n<figure class=\"wp-block-table\"><table><tbody><tr><td><\/td><td><img loading=\"lazy\" decoding=\"async\" height=\"700\" src=\"https:\/\/oberschuletwist.de\/wp-content\/uploads\/2023\/08\/Tim_.jpg\" width=\"484\"><\/td><\/tr><\/tbody><\/table><\/figure>\n\n\n\n<h1 class=\"wp-block-heading\">&nbsp;<\/h1>\n\n\n\n<h1 class=\"wp-block-heading\"><a href=\"http:\/\/oberschule.schulverbund-twist.de\/?p=50188\">Kunst mit kreativen Ideen im Homeschooling<\/a><\/h1>\n\n\n\n<p>\u2026.viele besondere kreative Ideen und Umsetzungen waren dabei. Wir haben positive R\u00fcckmeldungen von den Sch\u00fclerinnen und Sch\u00fclern, dass sie sehr viel Freude an der Aufgabe hatten und es eine willkommene Abwechslung im Homeschooling war<\/p>\n\n\n\n<figure class=\"wp-block-image size-full\"><a href=\"https:\/\/oberschuletwist.de\/wp-content\/uploads\/2023\/10\/DSC_875f.jpg\"><img loading=\"lazy\" decoding=\"async\" width=\"867\" height=\"583\" src=\"https:\/\/oberschuletwist.de\/wp-content\/uploads\/2023\/10\/DSC_875f.jpg\" alt=\"\" class=\"wp-image-57997\" srcset=\"https:\/\/oberschuletwist.de\/wp-content\/uploads\/2023\/10\/DSC_875f.jpg 867w, https:\/\/oberschuletwist.de\/wp-content\/uploads\/2023\/10\/DSC_875f-300x202.jpg 300w, https:\/\/oberschuletwist.de\/wp-content\/uploads\/2023\/10\/DSC_875f-768x516.jpg 768w\" sizes=\"auto, (max-width: 867px) 100vw, 867px\" \/><\/a><\/figure>\n\n\n\n<figure class=\"wp-block-image size-full\"><a href=\"https:\/\/oberschuletwist.de\/wp-content\/uploads\/2023\/10\/DSC_8756f.jpg\"><img loading=\"lazy\" decoding=\"async\" width=\"901\" height=\"625\" src=\"https:\/\/oberschuletwist.de\/wp-content\/uploads\/2023\/10\/DSC_8756f.jpg\" alt=\"\" class=\"wp-image-57996\" srcset=\"https:\/\/oberschuletwist.de\/wp-content\/uploads\/2023\/10\/DSC_8756f.jpg 901w, https:\/\/oberschuletwist.de\/wp-content\/uploads\/2023\/10\/DSC_8756f-300x208.jpg 300w, https:\/\/oberschuletwist.de\/wp-content\/uploads\/2023\/10\/DSC_8756f-768x533.jpg 768w\" sizes=\"auto, (max-width: 901px) 100vw, 901px\" \/><\/a><\/figure>\n\n\n\n<figure class=\"wp-block-image size-full\"><a href=\"https:\/\/oberschuletwist.de\/wp-content\/uploads\/2023\/10\/DSC_8757f.jpg\"><img loading=\"lazy\" decoding=\"async\" width=\"856\" height=\"595\" src=\"https:\/\/oberschuletwist.de\/wp-content\/uploads\/2023\/10\/DSC_8757f.jpg\" alt=\"\" class=\"wp-image-57995\" srcset=\"https:\/\/oberschuletwist.de\/wp-content\/uploads\/2023\/10\/DSC_8757f.jpg 856w, https:\/\/oberschuletwist.de\/wp-content\/uploads\/2023\/10\/DSC_8757f-300x209.jpg 300w, https:\/\/oberschuletwist.de\/wp-content\/uploads\/2023\/10\/DSC_8757f-768x534.jpg 768w\" sizes=\"auto, (max-width: 856px) 100vw, 856px\" \/><\/a><\/figure>\n","protected":false},"excerpt":{"rendered":"<p>Musik Am Mittwoch, den 10.09. kamen der Musikprofessor Morphius Eurapso-Quaye und sein Sohn Michael in die OBS Twist, um mit den 5. und 6. Klassen zu trommeln. Dabei lernten die Sch\u00fclerinnen und Sch\u00fcler nicht nur ghanaische Rhythmen kennen, sondern sie &hellip; <a href=\"https:\/\/oberschuletwist.de\/?page_id=56932\">Weiterlesen <span class=\"meta-nav\">&rarr;<\/span><\/a><\/p>\n","protected":false},"author":2,"featured_media":0,"parent":0,"menu_order":0,"comment_status":"closed","ping_status":"closed","template":"","meta":{"footnotes":""},"class_list":["post-56932","page","type-page","status-publish","hentry"],"_links":{"self":[{"href":"https:\/\/oberschuletwist.de\/index.php?rest_route=\/wp\/v2\/pages\/56932","targetHints":{"allow":["GET"]}}],"collection":[{"href":"https:\/\/oberschuletwist.de\/index.php?rest_route=\/wp\/v2\/pages"}],"about":[{"href":"https:\/\/oberschuletwist.de\/index.php?rest_route=\/wp\/v2\/types\/page"}],"author":[{"embeddable":true,"href":"https:\/\/oberschuletwist.de\/index.php?rest_route=\/wp\/v2\/users\/2"}],"replies":[{"embeddable":true,"href":"https:\/\/oberschuletwist.de\/index.php?rest_route=%2Fwp%2Fv2%2Fcomments&post=56932"}],"version-history":[{"count":20,"href":"https:\/\/oberschuletwist.de\/index.php?rest_route=\/wp\/v2\/pages\/56932\/revisions"}],"predecessor-version":[{"id":61143,"href":"https:\/\/oberschuletwist.de\/index.php?rest_route=\/wp\/v2\/pages\/56932\/revisions\/61143"}],"wp:attachment":[{"href":"https:\/\/oberschuletwist.de\/index.php?rest_route=%2Fwp%2Fv2%2Fmedia&parent=56932"}],"curies":[{"name":"wp","href":"https:\/\/api.w.org\/{rel}","templated":true}]}}