{"id":56276,"date":"2023-08-23T10:01:11","date_gmt":"2023-08-23T08:01:11","guid":{"rendered":"https:\/\/oberschuletwist.de\/?page_id=56276"},"modified":"2024-12-19T10:41:07","modified_gmt":"2024-12-19T09:41:07","slug":"schwarz-auf-weiss-2","status":"publish","type":"page","link":"https:\/\/oberschuletwist.de\/?page_id=56276","title":{"rendered":"Sch\u00fclerfirma &#8222;eat and read&#8220;"},"content":{"rendered":"\n<p class=\"has-blue-color has-light-gray-background-color has-text-color has-background has-link-color wp-elements-b3e87e4bec006838a5026f2db5bb6ef0\">Die Sch\u00fcler der Sch\u00fclerfirma eat &amp; read arbeitet in den Pausen und am Nachmittag in der AG f\u00fcr die Sch\u00fcler unserer Oberschule Twist. Au\u00dferdem helfen sie bei au\u00dferschulischen Veranstaltungen an vielen Nachmittagen und sogar an Wochenendterminen. Durch ihre kontinuierliche verantwortungsvolle Arbeit konnte die Sch\u00fclerfirma im Jahr 2024 im Gesamten ca. 1500 Euro spenden:<\/p>\n\n\n\n<figure class=\"wp-block-image size-large\"><a href=\"https:\/\/oberschuletwist.de\/wp-content\/uploads\/2024\/12\/eat1.jpg\"><img loading=\"lazy\" decoding=\"async\" width=\"1024\" height=\"533\" src=\"https:\/\/oberschuletwist.de\/wp-content\/uploads\/2024\/12\/eat1-1024x533.jpg\" alt=\"\" class=\"wp-image-60190\" srcset=\"https:\/\/oberschuletwist.de\/wp-content\/uploads\/2024\/12\/eat1-1024x533.jpg 1024w, https:\/\/oberschuletwist.de\/wp-content\/uploads\/2024\/12\/eat1-300x156.jpg 300w, https:\/\/oberschuletwist.de\/wp-content\/uploads\/2024\/12\/eat1-768x400.jpg 768w, https:\/\/oberschuletwist.de\/wp-content\/uploads\/2024\/12\/eat1-1536x800.jpg 1536w, https:\/\/oberschuletwist.de\/wp-content\/uploads\/2024\/12\/eat1.jpg 1919w\" sizes=\"auto, (max-width: 1024px) 100vw, 1024px\" \/><\/a><\/figure>\n\n\n\n<p class=\"has-blue-color has-light-gray-background-color has-text-color has-background has-link-color wp-elements-2771793677a62083c4c85b602dc09e98\">500,- f\u00fcr die kirchlichen Zeltlager der Gemeinde + 300,- Tafel Twist + 200,- an eine bed\u00fcrftige Familie + 250,- Nikolausaktion der Oberschule Twist + 120,- Aquarium + 100,- Morphius (Trommelworkshop)<br>Die Gemeinde Twist hat die Summe noch einmal um 200 Euro erh\u00f6ht. Vielen Dank!<\/p>\n\n\n\n<p><\/p>\n\n\n\n<ul class=\"wp-block-list\">\n<li><strong>Schwarz auf Wei\u00df<\/strong><br><\/li>\n\n\n\n<li>Bis zum Sommer 2013 wurde die Sch\u00fclerb\u00fccherei der Oberschule Twist von Frau Heisterkamp betreut. Parallel dazu wurde im Schuljahr 2012\/2013 die Sch\u00fclerfirma \u201eSchwarz auf\u00a0\u00a0Wei\u00df\u201c als Buchhandlung gegr\u00fcndet. Nun fusionierten beide Bereiche im August 2013 und bilden EINE Sch\u00fclerfirma.<\/li>\n\n\n\n<li>Grunds\u00e4tzlich besitzen wir einen sch\u00f6nen, gro\u00dfen und hellen B\u00fcchereiraum, der erst vor einigen Jahren im Zuge eines Anbaus neu realisiert wurde. \u00dcber eine Wendeltreppe gelangt man in einen separaten Lesebereich mit Sofaecke, in dem zwar keine B\u00fccher stehen, aber die Sch\u00fcler den Platz und die Ruhe haben, zu \u201eschm\u00f6kern\u201c. Im unteren Bereich gibt es mehrere Tischgruppen sowie zwei Computerarbeitspl\u00e4tze. Sowohl die Buchbestellungen als auch die Ausleihe werden in den Schulpausen (Montag &#8211; Freitag, 09.40-10.00 Uhr sowie Dienstag und Donnerstag, 13.30-14.10 Uhr) abgefertigt.<\/li>\n\n\n\n<li>F\u00fcr die Sch\u00fclerfirma \u201eSchwarz auf Wei\u00df\u201c wurde eine Arbeitsgemeinschaft mit Sch\u00fclerinnen und Sch\u00fclern gegr\u00fcndet. Diese bilden das \u201eB\u00fcchereiteam\u201c. Die Sch\u00fcler wurden in kleine Teams eingeteilt, die eigenverantwortlich zu je einer festen Pausenzeit f\u00fcr die Ausleihe und die Buchbestellungen zust\u00e4ndig sind.<\/li>\n\n\n\n<li>B\u00fccherbestellungen im Buchhandlungsbereich gehen bei uns haupts\u00e4chlich in Bezug auf  Arbeitshefte f\u00fcr die Schulb\u00fccher sowie  Lekt\u00fcre f\u00fcr den Deutschunterricht ein. Wir leiten dann die Bestellung\u00a0\u00a0an unseren Kooperationspartner weiter<\/li>\n\n\n\n<li>Es k\u00f6nnen aber auch nach Bedarf einzelne B\u00fccher bestellt werden. Gerne nehmen wir auch B\u00fccherw\u00fcnsche entgegen und bem\u00fchen uns diese in unseren Bestand aufzunehmen.<\/li>\n<\/ul>\n\n\n\n<p><\/p>\n\n\n\n<ul class=\"wp-block-list\">\n<li><strong>Snack Eck<\/strong><\/li>\n<\/ul>\n\n\n\n<p>Die nachhaltige Sch\u00fclerfirma \u201eSnackEck\u201c der Oberschule Twist \u2013 Schule am See hat, wie schon in den vergangenen Jahren, auch f\u00fcr dieses Gesch\u00e4ftsjahr  eine Spende an eine heimische Institution \u00fcberwiesen. <br>Holger Behnen, leitender Lehrer der Sch\u00fclerfirma, betont, dass Sch\u00fclerfirmenarbeit neben den \u00f6konomischen Aspekten unbedingt auch das \u00f6kologische und, wie in diesem Fall, das soziale Handeln der Sch\u00fclerinnen und Sch\u00fcler f\u00f6rdern soll. Diese  Aspekte sollen  erfolgreich umgesetzt werden. Somit werden wir auch in den n\u00e4chsten Jahren verschiedene Twister Institutionen des Ehrenamtes mit Spenden bedenken.<\/p>\n\n\n\n<p><\/p>\n\n\n\n<p><\/p>\n","protected":false},"excerpt":{"rendered":"<p>Die Sch\u00fcler der Sch\u00fclerfirma eat &amp; read arbeitet in den Pausen und am Nachmittag in der AG f\u00fcr die Sch\u00fcler unserer Oberschule Twist. Au\u00dferdem helfen sie bei au\u00dferschulischen Veranstaltungen an vielen Nachmittagen und sogar an Wochenendterminen. Durch ihre kontinuierliche verantwortungsvolle &hellip; <a href=\"https:\/\/oberschuletwist.de\/?page_id=56276\">Weiterlesen <span class=\"meta-nav\">&rarr;<\/span><\/a><\/p>\n","protected":false},"author":2,"featured_media":0,"parent":0,"menu_order":0,"comment_status":"closed","ping_status":"closed","template":"","meta":{"footnotes":""},"class_list":["post-56276","page","type-page","status-publish","hentry"],"_links":{"self":[{"href":"https:\/\/oberschuletwist.de\/index.php?rest_route=\/wp\/v2\/pages\/56276","targetHints":{"allow":["GET"]}}],"collection":[{"href":"https:\/\/oberschuletwist.de\/index.php?rest_route=\/wp\/v2\/pages"}],"about":[{"href":"https:\/\/oberschuletwist.de\/index.php?rest_route=\/wp\/v2\/types\/page"}],"author":[{"embeddable":true,"href":"https:\/\/oberschuletwist.de\/index.php?rest_route=\/wp\/v2\/users\/2"}],"replies":[{"embeddable":true,"href":"https:\/\/oberschuletwist.de\/index.php?rest_route=%2Fwp%2Fv2%2Fcomments&post=56276"}],"version-history":[{"count":7,"href":"https:\/\/oberschuletwist.de\/index.php?rest_route=\/wp\/v2\/pages\/56276\/revisions"}],"predecessor-version":[{"id":60202,"href":"https:\/\/oberschuletwist.de\/index.php?rest_route=\/wp\/v2\/pages\/56276\/revisions\/60202"}],"wp:attachment":[{"href":"https:\/\/oberschuletwist.de\/index.php?rest_route=%2Fwp%2Fv2%2Fmedia&parent=56276"}],"curies":[{"name":"wp","href":"https:\/\/api.w.org\/{rel}","templated":true}]}}