{"id":55494,"date":"2023-08-17T15:55:58","date_gmt":"2023-08-17T13:55:58","guid":{"rendered":"https:\/\/oberschuletwist.de\/?page_id=55494"},"modified":"2025-06-14T15:38:31","modified_gmt":"2025-06-14T13:38:31","slug":"mathematik-naturwissenschaften","status":"publish","type":"page","link":"https:\/\/oberschuletwist.de\/?page_id=55494","title":{"rendered":"Mathematik-Naturwissenschaften"},"content":{"rendered":"\n<p class=\"has-blue-color has-light-gray-background-color has-text-color has-background has-link-color wp-elements-0a8d4d921da159b85b2a6b2891104866\" style=\"font-size:19px\">Unsere f\u00fcnften und sechsten Klassen lernten viele interessante Sachen \u00fcber unsere regionalen Tiere beim Besuch vom Waldtiermobil.<\/p>\n\n\n\n<figure class=\"wp-block-gallery has-nested-images columns-default is-cropped wp-block-gallery-1 is-layout-flex wp-block-gallery-is-layout-flex\">\n<figure class=\"wp-block-image size-large\"><a href=\"https:\/\/oberschuletwist.de\/wp-content\/uploads\/2025\/06\/IMG-20250613-WA0006.jpg\"><img loading=\"lazy\" decoding=\"async\" width=\"768\" height=\"1024\" data-id=\"60959\" src=\"https:\/\/oberschuletwist.de\/wp-content\/uploads\/2025\/06\/IMG-20250613-WA0006-768x1024.jpg\" alt=\"\" class=\"wp-image-60959\" srcset=\"https:\/\/oberschuletwist.de\/wp-content\/uploads\/2025\/06\/IMG-20250613-WA0006-768x1024.jpg 768w, https:\/\/oberschuletwist.de\/wp-content\/uploads\/2025\/06\/IMG-20250613-WA0006-225x300.jpg 225w, https:\/\/oberschuletwist.de\/wp-content\/uploads\/2025\/06\/IMG-20250613-WA0006-1152x1536.jpg 1152w, https:\/\/oberschuletwist.de\/wp-content\/uploads\/2025\/06\/IMG-20250613-WA0006.jpg 1500w\" sizes=\"auto, (max-width: 768px) 100vw, 768px\" \/><\/a><\/figure>\n\n\n\n<figure class=\"wp-block-image size-large\"><a href=\"https:\/\/oberschuletwist.de\/wp-content\/uploads\/2025\/06\/IMG-20250613-WA0005.jpg\"><img loading=\"lazy\" decoding=\"async\" width=\"1024\" height=\"768\" data-id=\"60958\" src=\"https:\/\/oberschuletwist.de\/wp-content\/uploads\/2025\/06\/IMG-20250613-WA0005-1024x768.jpg\" alt=\"\" class=\"wp-image-60958\" srcset=\"https:\/\/oberschuletwist.de\/wp-content\/uploads\/2025\/06\/IMG-20250613-WA0005-1024x768.jpg 1024w, https:\/\/oberschuletwist.de\/wp-content\/uploads\/2025\/06\/IMG-20250613-WA0005-300x225.jpg 300w, https:\/\/oberschuletwist.de\/wp-content\/uploads\/2025\/06\/IMG-20250613-WA0005-768x576.jpg 768w, https:\/\/oberschuletwist.de\/wp-content\/uploads\/2025\/06\/IMG-20250613-WA0005-1536x1152.jpg 1536w, https:\/\/oberschuletwist.de\/wp-content\/uploads\/2025\/06\/IMG-20250613-WA0005.jpg 2000w\" sizes=\"auto, (max-width: 1024px) 100vw, 1024px\" \/><\/a><\/figure>\n<\/figure>\n\n\n\n<p class=\"has-text-align-center has-blue-color has-light-gray-background-color has-text-color has-background has-link-color wp-elements-ca3ce07d528173e1b4c421c1760b89f3\" style=\"font-size:19px\">Vielen Dank an Herr Braunheim!<\/p>\n\n\n\n<p>.<\/p>\n\n\n\n<p class=\"has-blue-color has-light-gray-background-color has-text-color has-background has-link-color wp-elements-bf0d81c055b8b5f4bcb53f937cc04fdf\" style=\"font-size:19px\">Volle Konzentration herrschte in den Klassenr\u00e4umen beim diesj\u00e4hrigen K\u00e4nguru- Wettbewerb.<br>Am Donnerstag, dem 18.April 2024 stellten sich 60 Sch\u00fclerinnen- und Sch\u00fcler unserer Schule der Herausforderung und nahmen am europaweiten K\u00e4nguru- Mathematikwettbewerb teil.<\/p>\n\n\n\n<figure class=\"wp-block-image size-large\"><a href=\"https:\/\/oberschuletwist.de\/wp-content\/uploads\/2024\/06\/IMG_9039-Kaenguruwettbewerb-Mathematik-2024w.jpg\"><img loading=\"lazy\" decoding=\"async\" width=\"1024\" height=\"392\" src=\"https:\/\/oberschuletwist.de\/wp-content\/uploads\/2024\/06\/IMG_9039-Kaenguruwettbewerb-Mathematik-2024w-1024x392.jpg\" alt=\"\" class=\"wp-image-58803\" srcset=\"https:\/\/oberschuletwist.de\/wp-content\/uploads\/2024\/06\/IMG_9039-Kaenguruwettbewerb-Mathematik-2024w-1024x392.jpg 1024w, https:\/\/oberschuletwist.de\/wp-content\/uploads\/2024\/06\/IMG_9039-Kaenguruwettbewerb-Mathematik-2024w-300x115.jpg 300w, https:\/\/oberschuletwist.de\/wp-content\/uploads\/2024\/06\/IMG_9039-Kaenguruwettbewerb-Mathematik-2024w-768x294.jpg 768w, https:\/\/oberschuletwist.de\/wp-content\/uploads\/2024\/06\/IMG_9039-Kaenguruwettbewerb-Mathematik-2024w-1536x588.jpg 1536w, https:\/\/oberschuletwist.de\/wp-content\/uploads\/2024\/06\/IMG_9039-Kaenguruwettbewerb-Mathematik-2024w.jpg 1912w\" sizes=\"auto, (max-width: 1024px) 100vw, 1024px\" \/><\/a><\/figure>\n\n\n\n<p class=\"has-blue-color has-light-gray-background-color has-text-color has-background has-link-color wp-elements-6d1d87cb9cabed7715b4576c65577492\" style=\"font-size:19px\">Der Schulleiter Herr Behnen und die Fachobfrau f\u00fcr Mathematik Frau Einspanier \u00fcberreichten die Urkunden und Sachpreise an alle Teilnehmenden.<br>Besonders stolz k\u00f6nnen die Besten der Jahrgangsstufe 5 und 6 Sofia G. (5a), Till O. und Fabian D. (beide 6a) sein. In den h\u00f6heren Klassenstufen stachen Tabea E. (9b) sowie Carla H. und Coin W. (beide 10 a) mit ihren Leistungen hervor.<\/p>\n\n\n\n<p><\/p>\n\n\n\n<h3 class=\"wp-block-heading\" style=\"font-size:20px\"><a href=\"https:\/\/oberschuletwist.de\/?p=57742\">In Kooperation mit dem Naturpark Moor hat die 7b im Biologieunterricht nach wirbellosen Tieren im Schulsee gekeschert<\/a><\/h3>\n\n\n<div class=\"wp-block-image\">\n<figure class=\"aligncenter is-resized\"><a href=\"https:\/\/oberschuletwist.de\/wp-content\/uploads\/2023\/09\/IMG-20230926-WA0017-1.jpg\"><img loading=\"lazy\" decoding=\"async\" width=\"758\" height=\"1024\" src=\"https:\/\/oberschuletwist.de\/wp-content\/uploads\/2023\/09\/IMG-20230926-WA0017-1.jpg\" alt=\"\" class=\"wp-image-57746\" style=\"width:225px;height:303px\" srcset=\"https:\/\/oberschuletwist.de\/wp-content\/uploads\/2023\/09\/IMG-20230926-WA0017-1.jpg 758w, https:\/\/oberschuletwist.de\/wp-content\/uploads\/2023\/09\/IMG-20230926-WA0017-1-222x300.jpg 222w\" sizes=\"auto, (max-width: 758px) 100vw, 758px\" \/><\/a><\/figure>\n<\/div>\n\n<div class=\"wp-block-image\">\n<figure class=\"aligncenter is-resized\"><a href=\"https:\/\/oberschuletwist.de\/wp-content\/uploads\/2023\/09\/IMG-20230926-WA0020-1.jpg\"><img loading=\"lazy\" decoding=\"async\" width=\"768\" height=\"1024\" src=\"https:\/\/oberschuletwist.de\/wp-content\/uploads\/2023\/09\/IMG-20230926-WA0020-1.jpg\" alt=\"\" class=\"wp-image-57744\" style=\"width:226px;height:301px\" srcset=\"https:\/\/oberschuletwist.de\/wp-content\/uploads\/2023\/09\/IMG-20230926-WA0020-1.jpg 768w, https:\/\/oberschuletwist.de\/wp-content\/uploads\/2023\/09\/IMG-20230926-WA0020-1-225x300.jpg 225w\" sizes=\"auto, (max-width: 768px) 100vw, 768px\" \/><\/a><\/figure>\n<\/div>\n\n<div class=\"wp-block-image\">\n<figure class=\"aligncenter is-resized\"><a href=\"https:\/\/oberschuletwist.de\/wp-content\/uploads\/2023\/09\/IMG-20230926-WA0019-1.jpg\"><img loading=\"lazy\" decoding=\"async\" width=\"768\" height=\"1024\" src=\"https:\/\/oberschuletwist.de\/wp-content\/uploads\/2023\/09\/IMG-20230926-WA0019-1.jpg\" alt=\"\" class=\"wp-image-57743\" style=\"width:236px;height:315px\" srcset=\"https:\/\/oberschuletwist.de\/wp-content\/uploads\/2023\/09\/IMG-20230926-WA0019-1.jpg 768w, https:\/\/oberschuletwist.de\/wp-content\/uploads\/2023\/09\/IMG-20230926-WA0019-1-225x300.jpg 225w\" sizes=\"auto, (max-width: 768px) 100vw, 768px\" \/><\/a><\/figure>\n<\/div>\n\n\n<p><\/p>\n\n\n\n<p style=\"font-size:19px\"><u><strong>Schwarzes Gold im Chemieunterricht<\/strong><\/u><\/p>\n\n\n\n<p style=\"font-size:19px\">Erd\u00f6l entsteht wenn sich abgestorbenes Plankton auf den Grund des Meeres sinkt. Wenn&nbsp; mehrerer Schichten \u00fcbereinander liegen, wird der Druck so gro\u00df, dass sich nach langer Zeit Erd\u00f6l bildet. Erd\u00f6l ist also ein in der oberen Erdkruste, eingelagertes Stoffgemisch, dass bei Umwandlung organischer Stoffe entsteht. Jeder auf der Welt hat etwas mit Erd\u00f6l zutun. Auch bei uns in Twist ist Erd\u00f6l ein wichtiger Bestandteil, was man vor allem an den vielen \u00d6lpumpen bei uns erkennen kann. Bei unserem heutigen Besuch im Erd\u00f6l Museum von Twist konnten wir viele interessante Dinge \u00fcber das Erd\u00f6l und wie es gewonnen wird erfahren. Das aus Speichergesteinen gewonnene Erd\u00f6l wird auch Roh\u00f6l genannt, da es noch nicht behandelt wird. In der zweiten H\u00e4lfte des 19. Jahrhunderts wurde Erd\u00f6l erst systematisch genutzt. Erd\u00f6l ist ein fossiler Energietr\u00e4ger und auch in Norddeutschland zu finden.&nbsp; Unter anderem wurde uns zum Beispiel erz\u00e4hlt, dass allein im Emsland 7000 \u2013 8000 Tonnen Erd\u00f6l, j\u00e4hrlich, gewonnen und in Deutschland etwa 3 Millionen Tonnen. Auch gelernt habe ich, dass in einem Barrel (eine Art Tonne ) etwa 158,9 Liter Erd\u00f6l drin ist.<\/p>\n\n\n\n<p style=\"font-size:19px\">Erd\u00f6l erzeugt&nbsp; Elektrizit\u00e4t, heizt und ist ein Treibstoff. Durch das \u00d6l k\u00f6nnen auch viele Produkte hergestellt werden zum Beispiel Diesel, Polyester und Kunstharze und Kunststoffe. Es kann aber auch sehr gef\u00e4hrlich sein wenn man nach \u00d6l bohrt zum Beispiel der Unfall im Golf von Mexiko. Dort ist soviel \u00d6l ausgelaufen, dass ein Teppich in der Gr\u00f6\u00dfe vom Emsland entstanden ist.Da Erd\u00f6l immer knapper wird, wird es auch als schwarzes Gold bezeichnet. Erneuerbare Energien werden deshalb in Deutschland immer mehr verwendet. Zu den erneuerbaren Energien geh\u00f6ren Wasser, Wind und Sonne.<br>Mir wurde durch den Besuch im Museum bewusster, wie wichtig Erd\u00f6l f\u00fcr uns und die Entwicklung der Globalisierung ist und vor allem auch was f\u00fcr eine lange Geschichte die Entwicklung von Erd\u00f6l und Erdgas mit sich bringt.<\/p>\n\n\n\n<p style=\"font-size:19px\">&nbsp;Bericht:&nbsp;&nbsp;&nbsp; Sch\u00fcler der Klasse R10a<\/p>\n\n\n\n<p style=\"font-size:19px\">.<\/p>\n\n\n\n<p style=\"font-size:20px\"><strong>Sandbienen auf unserem Schulhof<\/strong><\/p>\n\n\n\n<figure class=\"wp-block-table\"><table><tbody><tr><td><img loading=\"lazy\" decoding=\"async\" alt=\"\" height=\"542\" src=\"https:\/\/oberschuletwist.de\/wp-content\/uploads\/2023\/08\/IMG_1352.jpeg\" width=\"460\">&nbsp;&nbsp;&nbsp;&nbsp;&nbsp;&nbsp;&nbsp;&nbsp;<br><\/td><td>&nbsp;&nbsp; <br><\/td><\/tr><\/tbody><\/table><\/figure>\n\n\n\n<p><\/p>\n\n\n\n<p style=\"font-size:19px\">Am Donnerstag, den 15. Juli besuchte das Infomobil der J\u00e4gerschaft Meppen die Schule am See. Sch\u00fclerinnen und Sch\u00fcler der Klassen 5 und 6 bestaunten die unterschiedlichsten Tiere aus der Umgebung des Emslandes und h\u00f6rten sich spannende Geschichten an.Das Infomobil der J\u00e4gerschaft Meppen entstand 2009 als Initiative, um den \u201eJ\u00e4ger\u201c auch als Heger und Pfleger der heimischen Tier- und Pflanzenwelt darstellen zu k\u00f6nnen. Herr Braunheim, selbst J\u00e4ger, erz\u00e4hlt beispielsweise die Geschichte des von den Sch\u00fclerinnen und Sch\u00fclern bestaunten kleinen ausgestopften Rehkitzes.<br>Als Pr\u00e4parat erscheint es unversehrt obwohl das Tier leider durch eine M\u00e4hmaschine schwer verletzt worden war. Die J\u00e4gerschaft setzt sich sehr f\u00fcr Ma\u00dfnahmen ein, durch die derartige Vorf\u00e4lle heute kaum noch passieren. So konnten in diesem Jahr unter anderem durch Drohneneinsatz mit W\u00e4rmebildkamera ca. 850 Rehkitze gerettet werden.Im Infomobil k\u00f6nnen insgesamt 65 pr\u00e4parierte Tiere der heimischen Fauna bestaunt werden. Darunter ein Dachs, ein Biber, ein Nutria, verschiedene Rabenv\u00f6gel, Greifv\u00f6gel, Eulen, K\u00e4uze und vieles mehr.<\/p>\n\n\n\n<figure class=\"wp-block-table\"><table><tbody><tr><td><img loading=\"lazy\" decoding=\"async\" alt=\"\" height=\"402\" src=\"https:\/\/oberschuletwist.de\/wp-content\/uploads\/2023\/08\/20210715_142011.jpg\" width=\"566\"><br><\/td><td><img loading=\"lazy\" decoding=\"async\" alt=\"\" height=\"402\" src=\"https:\/\/oberschuletwist.de\/wp-content\/uploads\/2023\/08\/20210715_150724.jpg\" width=\"305\"><br><\/td><td><img loading=\"lazy\" decoding=\"async\" alt=\"\" height=\"407\" src=\"https:\/\/oberschuletwist.de\/wp-content\/uploads\/2023\/08\/20210715_150751.jpg\" width=\"307\"><br><br><\/td><\/tr><\/tbody><\/table><\/figure>\n\n\n\n<p style=\"font-size:19px\">Herr Braunheim pr\u00e4sentierte sehr engagiert die zumeist gut erhaltenen Pr\u00e4parate und konnte den Kindern auch nahebringen, wo viele Tierarten zurzeit ihre Brutreviere haben und in freier Wildbahn zu beobachten sind. Es konnte auch klargestellt werden, dass die Tiere nicht zum Ausstopfen get\u00f6tet werden, sondern in vielen F\u00e4llen durch Unf\u00e4lle ums Leben kamen. Vielen Dank Herrn Braunheim f\u00fcr den Transport des Infomobils und f\u00fcr die Vortr\u00e4ge und Gespr\u00e4che mit unseren Sch\u00fclerinnen und Sch\u00fclern.<\/p>\n\n\n\n<figure class=\"wp-block-table\"><table><tbody><tr><td><img loading=\"lazy\" decoding=\"async\" alt=\"\" height=\"408\" src=\"https:\/\/oberschuletwist.de\/wp-content\/uploads\/2023\/08\/20210715_150730.jpg\" width=\"561\"><\/td><td>&nbsp;<\/td><td><img loading=\"lazy\" decoding=\"async\" alt=\"\" height=\"405\" src=\"https:\/\/oberschuletwist.de\/wp-content\/uploads\/2023\/08\/20210715_152815.jpg\" width=\"307\"><\/td><\/tr><\/tbody><\/table><\/figure>\n\n\n\n<h3 class=\"wp-block-heading has-text-align-left\"><strong>\u00a0<\/strong><\/h3>\n\n\n\n<h3 class=\"wp-block-heading\" style=\"font-size:19px\">\u00a0<strong>First Lego League 2022 bei der Firma Rosen in Lingen<\/strong><\/h3>\n\n\n\n<p><\/p>\n\n\n\n<p style=\"font-size:19px\">Der Technikkurs der Klasse 10 hat in diesem Jahr erstmalig&nbsp; an der First Lego League bei Rosen in Lingen teilgenommen.<br>Eine Kategorie im Wettbewerb ist das Robot-Game. Seit den Sommerferien bauen und programmieren die Sch\u00fclerinnen und Sch\u00fcler Roboter, um mit diesen die Aufgaben auf dem Spielfeld zu l\u00f6sen. Nach anf\u00e4nglichen Fehlschl\u00e4gen mit komplizierten Aufbauten einigten sich die Sch\u00fcler auf einen einfachen Roboter. W\u00e4hrend einige Sch\u00fcler diese Roboter programmierten, suchten die anderen nach L\u00f6sungsstrategien und bauten passende Arme f\u00fcr die Roboter.<br><\/p>\n\n\n\n<p style=\"font-size:19px\">Am 19.3. war der gro\u00dfe Tag. Wegen der Corona Pandemie konnte der Wettkampf leider nicht vor Ort bei Rosen in Lingen stattfinden. Stattdessen mussten die Ergebnisse der verschiedenen Kategorien den Schiedsrichtern in Videokonferenzen pr\u00e4sentiert werden.<br>Bei der Siegerehrung gab es eine gro\u00dfe \u00dcberraschung. D<strong>as Team der Oberschule Twist siegte in der Kategorie Robot-Game<\/strong>. In der Gesamtwertung belegte das Team einen guten vierten Platz.<\/p>\n","protected":false},"excerpt":{"rendered":"<p>Unsere f\u00fcnften und sechsten Klassen lernten viele interessante Sachen \u00fcber unsere regionalen Tiere beim Besuch vom Waldtiermobil. Vielen Dank an Herr Braunheim! . Volle Konzentration herrschte in den Klassenr\u00e4umen beim diesj\u00e4hrigen K\u00e4nguru- Wettbewerb.Am Donnerstag, dem 18.April 2024 stellten sich 60 &hellip; <a href=\"https:\/\/oberschuletwist.de\/?page_id=55494\">Weiterlesen <span class=\"meta-nav\">&rarr;<\/span><\/a><\/p>\n","protected":false},"author":2,"featured_media":0,"parent":0,"menu_order":0,"comment_status":"closed","ping_status":"closed","template":"","meta":{"footnotes":""},"class_list":["post-55494","page","type-page","status-publish","hentry"],"_links":{"self":[{"href":"https:\/\/oberschuletwist.de\/index.php?rest_route=\/wp\/v2\/pages\/55494","targetHints":{"allow":["GET"]}}],"collection":[{"href":"https:\/\/oberschuletwist.de\/index.php?rest_route=\/wp\/v2\/pages"}],"about":[{"href":"https:\/\/oberschuletwist.de\/index.php?rest_route=\/wp\/v2\/types\/page"}],"author":[{"embeddable":true,"href":"https:\/\/oberschuletwist.de\/index.php?rest_route=\/wp\/v2\/users\/2"}],"replies":[{"embeddable":true,"href":"https:\/\/oberschuletwist.de\/index.php?rest_route=%2Fwp%2Fv2%2Fcomments&post=55494"}],"version-history":[{"count":16,"href":"https:\/\/oberschuletwist.de\/index.php?rest_route=\/wp\/v2\/pages\/55494\/revisions"}],"predecessor-version":[{"id":60987,"href":"https:\/\/oberschuletwist.de\/index.php?rest_route=\/wp\/v2\/pages\/55494\/revisions\/60987"}],"wp:attachment":[{"href":"https:\/\/oberschuletwist.de\/index.php?rest_route=%2Fwp%2Fv2%2Fmedia&parent=55494"}],"curies":[{"name":"wp","href":"https:\/\/api.w.org\/{rel}","templated":true}]}}