{"id":55433,"date":"2023-08-16T10:54:41","date_gmt":"2023-08-16T08:54:41","guid":{"rendered":"https:\/\/oberschuletwist.de\/?page_id=55433"},"modified":"2024-11-12T14:11:24","modified_gmt":"2024-11-12T13:11:24","slug":"verkehrssicherheit","status":"publish","type":"page","link":"https:\/\/oberschuletwist.de\/?page_id=55433","title":{"rendered":"Verkehrssicherheit."},"content":{"rendered":"\n<p class=\"has-medium-font-size\"><strong>Busfahrtraining <\/strong><\/p>\n\n\n\n<p>Die Sch\u00fclerinnen und Sch\u00fcler des Jahrgangs 5 der Oberschule Twist konnten auch in diesem Jahr am Busfahrtraining des Busbetriebes Levelink teilnehmen.<br>Hier lernten die Sch\u00fcler, wie sie sich au\u00dferhalb und innerhalb eines Busses richtig verhalten m\u00fcssen, sodass die Sicherheit aller Beteiligten immer gew\u00e4hrleistet werden kann. Dazu geh\u00f6rt u.a. das richtige Verhalten an der Bushaltestelle, das richtige Einsteigen in den Bus und auch das Verhalten im Bus wurde thematisiert.<br>Wie gef\u00e4hrlich es beispielsweise ist, wenn Sch\u00fclerinnen und Sch\u00fcler dr\u00e4ngeln oder der Bus heranf\u00e4hrt, macht deutlich, wie wichtig es ist, die Kinder f\u00fcr die Gefahren im Busverkehr zu sensibilisieren.<\/p>\n\n\n\n<figure class=\"wp-block-image\"><a href=\"https:\/\/oberschuletwist.de\/wp-content\/uploads\/2023\/11\/IMG_0035.jpeg.jpg\"><img loading=\"lazy\" decoding=\"async\" width=\"1024\" height=\"505\" src=\"https:\/\/oberschuletwist.de\/wp-content\/uploads\/2023\/11\/IMG_0035.jpeg-1024x505.jpg\" alt=\"\" class=\"wp-image-58095\" srcset=\"https:\/\/oberschuletwist.de\/wp-content\/uploads\/2023\/11\/IMG_0035.jpeg-1024x505.jpg 1024w, https:\/\/oberschuletwist.de\/wp-content\/uploads\/2023\/11\/IMG_0035.jpeg-300x148.jpg 300w, https:\/\/oberschuletwist.de\/wp-content\/uploads\/2023\/11\/IMG_0035.jpeg-768x379.jpg 768w, https:\/\/oberschuletwist.de\/wp-content\/uploads\/2023\/11\/IMG_0035.jpeg-1536x758.jpg 1536w, https:\/\/oberschuletwist.de\/wp-content\/uploads\/2023\/11\/IMG_0035.jpeg.jpg 1945w\" sizes=\"auto, (max-width: 1024px) 100vw, 1024px\" \/><\/a><\/figure>\n\n\n\n<p>Die Sch\u00fcler konnten viele Fragen stellen, durften selbst einmal Busfahrer spielen und zum Schluss wurde sogar eine Notbremsung durchgef\u00fchrt.<br>An der OBS-Twist geh\u00f6rt das Busfahrtraining zum Standardprogramm, denn gerade zu Beginn der f\u00fcnften Klasse werden aus Grundsch\u00fclern mit kurzen Schulwegen neue Fahrsch\u00fcler bei Bus und Bahn<br><\/p>\n\n\n\n<h2 class=\"wp-block-heading has-medium-font-size\"><strong>Fahrradkontrolle <\/strong><\/h2>\n\n\n\n<p>Gerade zu Beginn der k\u00e4lteren Jahreszeit, ist ein verkehrssicheres Fahrrad wichtig, insbesondere auch f\u00fcr den f\u00fcr den Schulweg.<\/p>\n\n\n\n<figure class=\"wp-block-image size-large\"><a href=\"https:\/\/oberschuletwist.de\/wp-content\/uploads\/2023\/11\/DSC_0393-2.jpg\"><img loading=\"lazy\" decoding=\"async\" width=\"1024\" height=\"466\" src=\"https:\/\/oberschuletwist.de\/wp-content\/uploads\/2023\/11\/DSC_0393-2-1024x466.jpg\" alt=\"\" class=\"wp-image-58099\" srcset=\"https:\/\/oberschuletwist.de\/wp-content\/uploads\/2023\/11\/DSC_0393-2-1024x466.jpg 1024w, https:\/\/oberschuletwist.de\/wp-content\/uploads\/2023\/11\/DSC_0393-2-300x137.jpg 300w, https:\/\/oberschuletwist.de\/wp-content\/uploads\/2023\/11\/DSC_0393-2-768x349.jpg 768w, https:\/\/oberschuletwist.de\/wp-content\/uploads\/2023\/11\/DSC_0393-2.jpg 1200w\" sizes=\"auto, (max-width: 1024px) 100vw, 1024px\" \/><\/a><\/figure>\n\n\n\n<p>Wie im jedem Jahr fand fr\u00fch morgens wieder die Fahrradkontrolle f\u00fcr die Sch\u00fclerInnen statt.<br>Unter der Leitung der Mobilit\u00e4tsbeauftragten Frau Einspanier\u00a0 Sowohl die Sch\u00fclerInnen von Twist Siedlung als auch vom B\u00fclt nehmen jeden Morgen die sportliche Herausforderung an und radeln mit ihren Fahrr\u00e4dern zur Schule.<br>\u00a0Bei der Fahrradkontrolle wurde unter anderem darauf geachtet,ob Lichter, Bremsen und Strahler funktionsf\u00e4hig sind.<br>F\u00fcr den Fall, dass alles in Ordnung war, bekamen die Sch\u00fclerInnen eine Pr\u00fcfplakette 2022 f\u00fcr ihr Fahrrad.<\/p>\n\n\n\n<figure class=\"wp-block-image size-large\"><a href=\"https:\/\/oberschuletwist.de\/wp-content\/uploads\/2023\/11\/DSC_0406-3.jpg\"><img loading=\"lazy\" decoding=\"async\" width=\"1024\" height=\"474\" src=\"https:\/\/oberschuletwist.de\/wp-content\/uploads\/2023\/11\/DSC_0406-3-1024x474.jpg\" alt=\"\" class=\"wp-image-58100\" srcset=\"https:\/\/oberschuletwist.de\/wp-content\/uploads\/2023\/11\/DSC_0406-3-1024x474.jpg 1024w, https:\/\/oberschuletwist.de\/wp-content\/uploads\/2023\/11\/DSC_0406-3-300x139.jpg 300w, https:\/\/oberschuletwist.de\/wp-content\/uploads\/2023\/11\/DSC_0406-3-768x356.jpg 768w, https:\/\/oberschuletwist.de\/wp-content\/uploads\/2023\/11\/DSC_0406-3.jpg 1200w\" sizes=\"auto, (max-width: 1024px) 100vw, 1024px\" \/><\/a><\/figure>\n\n\n\n<p>&nbsp;<br>Falls es noch M\u00e4ngel gab, sollten diese in der n\u00e4heren Zukunft behoben werden, damit die Sicherheit auf dem Schulweg. Nat\u00fcrlich bekommen sie dann auch zur Belohnung die Plakette. Wir freuen uns wenn schnell alle M\u00e4ngel behoben sind und alle mit dem Fahrrad sicher zur Schule fahren k\u00f6nnen.<\/p>\n\n\n\n<h2 class=\"wp-block-heading\">&nbsp;<\/h2>\n\n\n\n<h2 class=\"wp-block-heading\">&nbsp;<\/h2>\n\n\n\n<h2 class=\"wp-block-heading\">&nbsp;<\/h2>\n","protected":false},"excerpt":{"rendered":"<p>Busfahrtraining Die Sch\u00fclerinnen und Sch\u00fcler des Jahrgangs 5 der Oberschule Twist konnten auch in diesem Jahr am Busfahrtraining des Busbetriebes Levelink teilnehmen.Hier lernten die Sch\u00fcler, wie sie sich au\u00dferhalb und innerhalb eines Busses richtig verhalten m\u00fcssen, sodass die Sicherheit aller &hellip; <a href=\"https:\/\/oberschuletwist.de\/?page_id=55433\">Weiterlesen <span class=\"meta-nav\">&rarr;<\/span><\/a><\/p>\n","protected":false},"author":2,"featured_media":0,"parent":0,"menu_order":0,"comment_status":"closed","ping_status":"closed","template":"","meta":{"footnotes":""},"class_list":["post-55433","page","type-page","status-publish","hentry"],"_links":{"self":[{"href":"https:\/\/oberschuletwist.de\/index.php?rest_route=\/wp\/v2\/pages\/55433","targetHints":{"allow":["GET"]}}],"collection":[{"href":"https:\/\/oberschuletwist.de\/index.php?rest_route=\/wp\/v2\/pages"}],"about":[{"href":"https:\/\/oberschuletwist.de\/index.php?rest_route=\/wp\/v2\/types\/page"}],"author":[{"embeddable":true,"href":"https:\/\/oberschuletwist.de\/index.php?rest_route=\/wp\/v2\/users\/2"}],"replies":[{"embeddable":true,"href":"https:\/\/oberschuletwist.de\/index.php?rest_route=%2Fwp%2Fv2%2Fcomments&post=55433"}],"version-history":[{"count":9,"href":"https:\/\/oberschuletwist.de\/index.php?rest_route=\/wp\/v2\/pages\/55433\/revisions"}],"predecessor-version":[{"id":59904,"href":"https:\/\/oberschuletwist.de\/index.php?rest_route=\/wp\/v2\/pages\/55433\/revisions\/59904"}],"wp:attachment":[{"href":"https:\/\/oberschuletwist.de\/index.php?rest_route=%2Fwp%2Fv2%2Fmedia&parent=55433"}],"curies":[{"name":"wp","href":"https:\/\/api.w.org\/{rel}","templated":true}]}}